highest common divisor of 118424140 and 1308.
436
Calculate the greatest common divisor of 112 and 6384518.
14
Calculate the highest common divisor of 3689 and 9628507.
217
Calculate the highest common divisor of 18532380 and 15045.
255
What is the greatest common divisor of 73759 and 340011?
1799
Calculate the greatest common factor of 665 and 152817.
133
Calculate the greatest common divisor of 368 and 49370236.
92
What is the greatest common factor of 29492 and 13298872?
404
Calculate the greatest common divisor of 22 and 95639654.
22
What is the greatest common divisor of 10739396 and 68?
4
What is the greatest common factor of 3597 and 173384992?
1199
Calculate the greatest common factor of 647966 and 110.
22
What is the highest common divisor of 344 and 48546226?
86
What is the highest common factor of 31868472 and 1368?
456
What is the highest common factor of 35010575 and 10?
5
Calculate the highest common factor of 1812396 and 1691712.
1068
Calculate the greatest common factor of 176 and 1530496.
176
Calculate the greatest common divisor of 48087 and 933933.
39
What is the greatest common divisor of 699 and 25368?
3
What is the highest common factor of 147 and 1768935?
21
Calculate the greatest common factor of 9909940 and 1325.
265
Calculate the greatest common factor of 44638860 and 2415.
2415
What is the greatest common divisor of 1644 and 53772?
12
Calculate the highest common factor of 471254 and 14063.
287
What is the greatest common divisor of 2625 and 709625?
875
Calculate the greatest common divisor of 1018188374 and 4382.
4382
What is the highest common factor of 15 and 571149?
3
What is the highest common factor of 144312 and 10776?
24
Calculate the greatest common divisor of 222 and 18270526.
74
What is the highest common factor of 966 and 320154618?
966
Calculate the greatest common divisor of 1937370 and 876.
6
What is the highest common factor of 237760 and 1376?
32
What is the highest common factor of 237168940 and 240?
20
What is the greatest common factor of 995 and 277157847?
199
Calculate the greatest common factor of 266061250 and 300.
50
What is the highest common factor of 24 and 466380972?
12
Calculate the highest common divisor of 18 and 270189.
9
Calculate the greatest common factor of 12 and 35897036.
4
What is the highest common factor of 151833 and 1574826?
3531
What is the greatest common factor of 110338325 and 183?
61
Calculate the highest common factor of 197 and 1154333517.
197
What is the greatest common divisor of 2 and 13080646?
2
Calculate the greatest common factor of 247 and 13086359.
13
Calculate the highest common divisor of 3549178 and 424820.
3862
What is the greatest common divisor of 352835804 and 948?
316
Calculate the highest common divisor of 3220 and 37076.
92
What is the highest common divisor of 1246195 and 69085?
205
What is the highest common factor of 300738518 and 3272?
818
What is the highest common divisor of 626849469 and 591?
591
Calculate the greatest common divisor of 176 and 4248497.
11
What is the highest common factor of 4538350 and 1838195?
3265
Calculate the highest common factor of 302976 and 2538624.
384
Calculate the greatest common divisor of 8230788 and 54.
54
What is the highest common factor of 262 and 247074?
2
Calculate the greatest common factor of 559486 and 109.
1
Calculate the highest common divisor of 3525 and 4963800.
75
Calculate the highest common factor of 108584 and 3346.
14
Calculate the highest common divisor of 2404380 and 75.
15
Calculate the greatest common divisor of 16 and 173164.
4
What is the highest common factor of 995710 and 970?
10
Calculate the greatest common factor of 6415 and 870.
5
Calculate the greatest common divisor of 867039 and 930.
93
What is the highest common divisor of 4840342 and 9870?
94
What is the greatest common factor of 2363060 and 2940?
140
Calculate the highest common divisor of 2044289 and 13.
13
Calculate the highest common divisor of 36 and 2810748.
12
Calculate the highest common factor of 716865 and 4.
1
What is the greatest common divisor of 36251362 and 11242?
1022
Calculate the highest common factor of 211958 and 3144.
262
Calculate the greatest common factor of 6395607 and 117.
9
What is the highest common factor of 12700 and 1209433700?
12700
Calculate the highest common divisor of 32149415 and 394.
197
Calculate the highest common divisor of 518 and 203499926.
518
Calculate the highest common divisor of 60915 and 406565.
155
What is the highest common divisor of 272357000 and 19000?
1000
Calculate the greatest common divisor of 192273248 and 2784.
928
Calculate the greatest common factor of 115669383 and 327.
327
Calculate the highest common divisor of 10834841 and 21.
1
Calculate the greatest common factor of 16436690 and 90.
10
What is the greatest common factor of 350124 and 1902054?
1074
Calculate the greatest common factor of 1358 and 89922.
14
What is the highest common divisor of 5884 and 138054821?
1471
What is the highest common factor of 324 and 1051972704?
108
Calculate the greatest common divisor of 65355782 and 76.
38
What is the highest common factor of 4300741020 and 2154?
2154
Calculate the highest common divisor of 114 and 125489262.
114
What is the greatest common factor of 393884 and 720272?
236
What is the highest common factor of 560 and 19664240?
80
What is the highest common factor of 126 and 2327301102?
42
What is the greatest common factor of 637 and 820421?
7
Calculate the greatest common divisor of 1178 and 21137815.
31
What is the highest common divisor of 2272 and 176437840?
1136
What is the highest common divisor of 1480 and 75181928?
296
Calculate the highest common factor of 20800 and 2847.
13
Calculate the highest common factor of 2482044 and 57.
3
What is the highest common divisor of 10 and 17321834?
2
What is the greatest common factor of 651 and 6241416?
93
Calculate the highest common divisor of 53366808 and 6528.
408
Calculate the greatest common divisor of 184 and 36056.
8
What is the greatest common factor of 31804260 and 1295465?
11885
Calculate the greatest common divisor of 2295 and 2602309.
17
What is the greatest common divisor of 869 and 1055481317?
869
What is the greatest common factor of 67917826 and 1349863?
15167
What is the greatest common factor of 22 and 578039?
11
Calculate the greatest common factor of 26293084 and 408.
68
What is the highest common factor of 3 and 204184?
1
Calculate the greatest common factor of 161668 and 12168.
52
What is the highest common factor of 6558909 and 12201?
1743
What is the greatest common factor of 4068530 and 35124?
5854
Calculate the greatest common divisor of 1747 and 284037742.
1747
What is the highest common factor of 4300 and 30840?
20
What is the highest common divisor of 49868256 and 3051?
339
Calculate the highest common divisor of 37 and 10806738.
37
What is the greatest common divisor of 636938 and 52438?
334
Calculate the highest common factor of 1014761 and 2.
1
Calculate the highest common divisor of 2882 and 104912005.
1441
Calculate the greatest common divisor of 27685 and 555056.
113
Calculate the greatest common divisor of 117670 and 191030.
70
What is the greatest common factor of 1318322640 and 240?
240
Calculate the highest common divisor of 125992 and 1376.
8
Calculate the greatest common factor of 2272058 and 380.
38
What is the highest common divisor of 26745282 and 27?
27
What is the greatest common divisor of 1353 and 3664826?
451
What is the greatest common factor of 2604 and 39809208?
372
What is the highest common factor of 1482 and 6879522?
78
Calculate the greatest common divisor of 53176162 and 169.
13
Calculate the greatest common factor of 352669 and 2813.
29
What is the greatest common factor of 3527542740 and 582?
582
Calculate the highest common divisor of 1101911 and 34817.
941
What is the greatest common factor of 846 and 3080004?
282
Calculate the greatest common divisor of 9371602 and 3161.
109
Calculate the greatest common factor of 53161045 and 6475.
1295
What is the highest common factor of 1975071 and 5379?
489
What is the greatest common factor of 16273791 and 810?
81
Calculate the highest common factor of 70 and 236950510.
10
Calculate the highest common divisor o